{"id":11833,"date":"2016-09-02T07:17:59","date_gmt":"2016-09-02T07:17:59","guid":{"rendered":"https:\/\/www.justhvk.hu\/blog\/?page_id=11833"},"modified":"2016-09-23T06:28:14","modified_gmt":"2016-09-23T06:28:14","slug":"2013-as-galeria","status":"publish","type":"page","link":"https:\/\/blog.justhvk.hu\/blog\/2013-as-galeria\/","title":{"rendered":"2013-as fot\u00f3k"},"content":{"rendered":"<p><strong>2013<\/strong><\/p>\n<ul>\n<li><a href=\"https:\/\/goo.gl\/photos\/qn4JaEtEoER5MBny6\">Olvas\u00f3k\u00f6r &#8211; 2013. december 11.<br \/>\n<\/a><\/li>\n<li><a href=\"https:\/\/goo.gl\/photos\/qn4JaEtEoER5MBny6\">Olvas\u00f3k\u00f6r &#8211; 2013. december 11.<\/a><\/li>\n<li><a href=\"https:\/\/goo.gl\/photos\/BedTx6gJBLezQckt8\">Tud\u00e1sod a j\u00f6v\u0151d! vizsga &#8211; 2013. november 22.<\/a><\/li>\n<li><a href=\"https:\/\/goo.gl\/photos\/Y6KUKsbtDydpUqGRA\">Olvas\u00f3k\u00f6r &#8211; 2013. november 13.<\/a><\/li>\n<li><a href=\"https:\/\/goo.gl\/photos\/NN8Vf2rnZ4SZFd2cA\">R\u00e1k\u00f3czitelepi \u00e1ltal\u00e1nos iskol\u00e1sok k\u00f6nyvt\u00e1rl\u00e1togat\u00e1sa &#8211; 2013. november 11.<\/a><\/li>\n<li><a href=\"https:\/\/goo.gl\/photos\/icBRtUcvrYe1FsqZA\">V\u00f6r\u00f6smarty Mih\u00e1ly \u00c1ltal\u00e1nos Iskola di\u00e1kjainak l\u00e1togat\u00e1sa &#8211; 2013. november 8.<\/a><\/li>\n<li><a href=\"https:\/\/goo.gl\/photos\/mjAyPFChLPYv58JS7\">Rockvet\u00e9lked\u0151 &#8211; 2013. november 7.<\/a><\/li>\n<li><a href=\"https:\/\/goo.gl\/photos\/yD2HPFeoDohXNHEs5\">F\u00fcl\u00f6p Atilla Csaba \u00e9s K\u00e1rolyi F\u00fcl\u00f6p B\u00e9la k\u00f6nyvbemutat\u00f3ja &#8211; 2013. okt\u00f3ber 26.<\/a><\/li>\n<li><a href=\"https:\/\/goo.gl\/photos\/5FNZFkCkbhSzhRVV9\">Molynyomoz\u00f3 j\u00e1t\u00e9k &#8211; 2013. okt\u00f3ber 11.<\/a><\/li>\n<li><a href=\"https:\/\/goo.gl\/photos\/XZGQbYAgcbvqLdi69\">Olvas\u00f3k\u00f6r &#8211; 2013. okt\u00f3ber 9.<\/a><\/li>\n<li><a href=\"https:\/\/goo.gl\/photos\/iC6xcW7L1qrHUAHU6\">Orosh\u00e1zi m\u00faltid\u00e9z\u0151 &#8211; Orosh\u00e1zi Napl\u00f3 &#8211; 2013. okt\u00f3ber 8.<\/a><\/li>\n<li><a href=\"https:\/\/goo.gl\/photos\/RFtZnbpFUvQja7nN7\">OMG! &#8211; 2013. szeptember 28.<\/a><\/li>\n<li><a href=\"https:\/\/goo.gl\/photos\/cLA5efnFQo8Bymen9\">Olvas\u00f3k\u00f6r &#8211; 2013. szeptember 11.<\/a><\/li>\n<li><a href=\"https:\/\/goo.gl\/photos\/WU2TesrffmsVY9UM8\">OMG tal\u00e1lkoz\u00f3 az \u00c1rp\u00e1d kertben &#8211; 2013. szeptember 2.<\/a><\/li>\n<li><a href=\"https:\/\/goo.gl\/photos\/DML8MHn6pwwyS8uM8\">Strandk\u00f6nyvt\u00e1ri \u00faj k\u00f6nyvek &#8211; 2013. augusztus 2.<\/a><\/li>\n<li><a href=\"https:\/\/goo.gl\/photos\/wke8FAvMVpcsAN5e8\">Comenius r\u00e9gi\u00f3 egy\u00fcttm\u0171k\u00f6d\u00e9sek projektz\u00e1r\u00f3 &#8211; 2013. j\u00falius 31.<\/a><\/li>\n<li><a href=\"https:\/\/goo.gl\/photos\/uDuCZLvrSGsVZHWB8\">Orosh\u00e1zi Moly Galeri &#8211; 2013. j\u00fanius 29.<\/a><\/li>\n<li><a href=\"https:\/\/goo.gl\/photos\/5KcKdxrP9fBDfGT9A\">VIII. Gyop\u00e1rka T\u00fcnd\u00e9r mesemond\u00f3 verseny &#8211; 2013. j\u00fanius 22.<\/a><\/li>\n<li><a href=\"https:\/\/goo.gl\/photos\/nBLAkZZRuJxsxVKh6\">Olvas\u00f3k\u00f6r &#8211; 2013. j\u00fanius 12.J\u00e1rt\u00f3 R\u00f3za k\u00f6nyvbemutat\u00f3ja &#8211; 2013. j\u00fanius 10.<\/a><\/li>\n<li><a href=\"https:\/\/goo.gl\/photos\/3Lz7RbtNaTkJaMDQ6\">OMG! t\u00f6r\u00fclk\u00f6z\u0151nap az \u00c1rp\u00e1d-kertben &#8211; 2013. m\u00e1jus 25.<\/a><\/li>\n<li><a href=\"https:\/\/goo.gl\/photos\/SjyeUe4C6yBjSEWC8\">Csonti Istv\u00e1n el\u0151ad\u00e1sa &#8211; 2013. m\u00e1jus 25.<\/a><\/li>\n<li><a href=\"https:\/\/goo.gl\/photos\/2BwUNZYNKagy4cH47\">Witt M\u00e1rta k\u00f6nyvbemutat\u00f3ja &#8211; 2013. m\u00e1jus 18.<\/a><\/li>\n<li><a href=\"https:\/\/goo.gl\/photos\/9rHyiJkyvZyX8Y2f8\">200 \u00e9ve sz\u00fcletett Giuseppe Verdi &#8211; 2013. m\u00e1jus 15.<\/a><\/li>\n<li><a href=\"https:\/\/goo.gl\/photos\/F1sNxxK9oweY1ebT6\">Olvas\u00f3k\u00f6r &#8211; 2013. m\u00e1jus 8.<\/a><\/li>\n<li><a href=\"https:\/\/goo.gl\/photos\/AMcP9HhzpVGVbmWB7\">Orosh\u00e1zi Moly Galeri &#8211; 2013. \u00e1prilis 27.<\/a><\/li>\n<li><a href=\"https:\/\/goo.gl\/photos\/rpsJLt2VhR4StA6D9\">Forr\u00e1s \u00f3voda nagycsoportosainak l\u00e1togat\u00e1sa &#8211; 2013. \u00e1prilis 16.<\/a><\/li>\n<li><a href=\"https:\/\/goo.gl\/photos\/vABwBoRMiugZEkyQ8\">J\u00f3zsa Mih\u00e1ly k\u00f6lt\u00e9szet napi el\u0151ad\u00e1sa &#8211; 2013. \u00e1prilis 11.<\/a><\/li>\n<li><a href=\"https:\/\/goo.gl\/photos\/opqqt1ZfSZpjRxMQ8\">Olvas\u00f3k\u00f6r &#8211; 2013. \u00e1prilis 10.<\/a><\/li>\n<li><a href=\"https:\/\/goo.gl\/photos\/ZE3Vd8BPGcBCSowD6\">J\u00e1t\u00e9k a zen\u00e9vel &#8211; 2013. \u00e1prilis 10.<\/a><\/li>\n<li><a href=\"https:\/\/goo.gl\/photos\/eiD2firMYzThUviK9\">Muhel G\u00e1bor el\u0151ad\u00e1sa &#8211; 2013. \u00e1prilis 5.<\/a><\/li>\n<li><a href=\"https:\/\/goo.gl\/photos\/s77Udex81kuWcnJB6\">Tehets\u00e9gnap a k\u00f6nyvt\u00e1rban is &#8211; 2013. \u00e1prilis 5.<\/a><\/li>\n<li><a href=\"https:\/\/goo.gl\/photos\/s77Udex81kuWcnJB6\">Szv\u00e1mi Dzsotirmaja indiai tan\u00edt\u00f3mester a k\u00f6nyvt\u00e1rban &#8211; 2013. \u00e1prilis 4.<\/a><\/li>\n<li><a href=\"https:\/\/goo.gl\/photos\/731W8repdmNDJdsz9\">OMG tal\u00e1lkoz\u00f3 &#8211; 2013. m\u00e1rcius 30.<\/a><\/li>\n<li><a href=\"https:\/\/goo.gl\/photos\/P7MK4cPGEBCxJxp97\">H\u00fasv\u00e9ti j\u00e1tsz\u00f3h\u00e1z &#8211; 2013. m\u00e1rcius 29.<\/a><\/li>\n<li><a href=\"https:\/\/goo.gl\/photos\/okND4D1c2pNGb14k8\">K\u00f6z\u00f6s k\u00f6nyvelhagy\u00e1s &#8211; 2013. m\u00e1rcius 22.<\/a><\/li>\n<li><a href=\"https:\/\/goo.gl\/photos\/qEpL5Prk3tkqzwa27\">Strandk\u00f6nyvt\u00e1r &#8211; 2013. m\u00e1rcius 21.<\/a><\/li>\n<li><a href=\"https:\/\/goo.gl\/photos\/kjiz4LXB41JKfrF69\">Kok\u00e1rdak\u00e9sz\u00edt\u0151 j\u00e1tsz\u00f3h\u00e1z &#8211; 2013. m\u00e1rcius 13-14.<\/a><\/li>\n<li><a href=\"https:\/\/goo.gl\/photos\/1yZszuwk4ofd3WqGA\">Justh Zsigmond olvas\u00f3k\u00f6r tal\u00e1lkoz\u00f3 &#8211; 2013. m\u00e1rcius 13.<\/a><\/li>\n<li><a href=\"https:\/\/goo.gl\/photos\/9hdPk5y52gybRXx86\">N\u0151nap Gyop\u00e1rosf\u00fcrd\u0151n &#8211; 2013. m\u00e1rcius 9.<\/a><\/li>\n<li><a href=\"https:\/\/goo.gl\/photos\/FX4HQNGQZzFwswPw9\">J\u00f3zsa Mih\u00e1ly felolvas\u00f3estje &#8211; 2013. febru\u00e1r 20.<\/a><\/li>\n<li><a href=\"https:\/\/goo.gl\/photos\/g7q3pDbk2voiqUXX8\">Kardosk\u00fati amat\u0151r sz\u00ednj\u00e1tsz\u00f3k fell\u00e9p\u00e9se &#8211; 2013. febru\u00e1r 16.<\/a><\/li>\n<li><a href=\"https:\/\/goo.gl\/photos\/Ck5FWQrtzGv2XGo16\">Ki volt Justh Zsigmond? &#8211; 2013. febru\u00e1r 15.<\/a><\/li>\n<li><a href=\"https:\/\/goo.gl\/photos\/KowC6QYVseveGkvT7\">Justh Zsigmond s\u00edrja &#8211; 2013. febru\u00e1r 15.<\/a><\/li>\n<li><a href=\"https:\/\/goo.gl\/photos\/gBQccdYVJA92YMum9\">Justh Zsigmond olvas\u00f3k\u00f6r tal\u00e1lkoz\u00f3 &#8211; 2013. febru\u00e1r 13.<\/a><\/li>\n<li><a href=\"https:\/\/goo.gl\/photos\/AMUj52wafPe73C2r8\">Justh Zsigmond vers- \u00e9s pr\u00f3zamond\u00f3 verseny &#8211; 2013. febru\u00e1r 11.<\/a><\/li>\n<li><a href=\"https:\/\/goo.gl\/photos\/UeBuSRt2kiyrECTT6\">K\u00f6nyvt\u00e1ri karnev\u00e1l &#8211; 2013. febru\u00e1r 9.<\/a><\/li>\n<li><a href=\"http:\/\/https:\/\/goo.gl\/photos\/UmuwMr6hhQTyGJbx6\">Kazinczy Ferencr\u0151l elnevezett &#8222;Sz\u00e9p magyar besz\u00e9d&#8221; verseny &#8211; 2013. febru\u00e1r 8.<\/a><\/li>\n<li><a href=\"https:\/\/goo.gl\/photos\/ZtqyKvLkitsL4d1Z8\">OMG tal\u00e1lkoz\u00f3 &#8211; 2013. janu\u00e1r 26.<\/a><\/li>\n<li><a href=\"https:\/\/goo.gl\/photos\/w9MUNbFnGP1jiAfQA\">V\u00f6r\u00f6smarty Mih\u00e1ly Tagint\u00e9zm\u00e9ny, 2. c, k\u00f6nyvt\u00e1rl\u00e1togat\u00e1s &#8211; 2013. 01. 25.R\u00e1k\u00f3czitelepi iskol\u00e1sok k\u00f6nyvt\u00e1rl\u00e1togat\u00e1sa &#8211; 2013. janu\u00e1r 23.<\/a><\/li>\n<li><a href=\"https:\/\/goo.gl\/photos\/cuE9Dc2TPo3kyL1d6\">Bambi csoport a k\u00f6nyvt\u00e1rban &#8211; 2013. janu\u00e1r 21.<\/a><\/li>\n<li><a href=\"https:\/\/goo.gl\/photos\/pDHVBRf1uGwMAaGv6\">Justh Zsigmond olvas\u00f3k\u00f6r tal\u00e1lkoz\u00f3 &#8211; 2013. janu\u00e1r 9.<\/a><\/li>\n<li><a href=\"https:\/\/goo.gl\/photos\/ZzY8x15DRztzn6YT7\">NAP K\u00c9PE 2013<\/a><\/li>\n<\/ul>\n<p>\u00d6sszes fot\u00f3:\u00a0<a href=\"https:\/\/www.justhvk.hu\/blog\/?page_id=11649\">https:\/\/www.justhvk.hu\/blog\/?page_id=11649<\/a><\/p>\n<p>&nbsp;<\/p>\n<div class=\"fcbkbttn_buttons_block\" id=\"fcbkbttn_left\"><div class=\"fcbkbttn_like \"><fb:like href=\"https:\/\/blog.justhvk.hu\/blog\/2013-as-galeria\/\" action=\"like\" colorscheme=\"light\" layout=\"button_count\"  size=\"small\"><\/fb:like><\/div><div class=\"fb-share-button  \" data-href=\"https:\/\/blog.justhvk.hu\/blog\/2013-as-galeria\/\" data-type=\"button_count\" data-size=\"small\"><\/div><\/div>","protected":false},"excerpt":{"rendered":"<p>2013 Olvas\u00f3k\u00f6r &#8211; 2013. december 11. Olvas\u00f3k\u00f6r &#8211; 2013. december 11. Tud\u00e1sod a j\u00f6v\u0151d! vizsga &#8211; 2013. november 22. Olvas\u00f3k\u00f6r &#8211; 2013. november 13. R\u00e1k\u00f3czitelepi \u00e1ltal\u00e1nos iskol\u00e1sok k\u00f6nyvt\u00e1rl\u00e1togat\u00e1sa &#8211; 2013. november 11. V\u00f6r\u00f6smarty Mih\u00e1ly \u00c1ltal\u00e1nos Iskola di\u00e1kjainak l\u00e1togat\u00e1sa &#8211; 2013. november 8. Rockvet\u00e9lked\u0151 &#8211; 2013. november 7. F\u00fcl\u00f6p Atilla Csaba \u00e9s K\u00e1rolyi F\u00fcl\u00f6p B\u00e9la k\u00f6nyvbemutat\u00f3ja [&hellip;]<\/p>\n","protected":false},"author":5,"featured_media":0,"parent":0,"menu_order":0,"comment_status":"open","ping_status":"open","template":"","meta":{"episode_type":"","audio_file":"","cover_image":"","cover_image_id":"","duration":"","filesize":"","date_recorded":"","explicit":"","block":"","filesize_raw":"","ngg_post_thumbnail":0,"footnotes":""},"class_list":["post-11833","page","type-page","status-publish","hentry"],"_links":{"self":[{"href":"https:\/\/blog.justhvk.hu\/blog\/wp-json\/wp\/v2\/pages\/11833","targetHints":{"allow":["GET"]}}],"collection":[{"href":"https:\/\/blog.justhvk.hu\/blog\/wp-json\/wp\/v2\/pages"}],"about":[{"href":"https:\/\/blog.justhvk.hu\/blog\/wp-json\/wp\/v2\/types\/page"}],"author":[{"embeddable":true,"href":"https:\/\/blog.justhvk.hu\/blog\/wp-json\/wp\/v2\/users\/5"}],"replies":[{"embeddable":true,"href":"https:\/\/blog.justhvk.hu\/blog\/wp-json\/wp\/v2\/comments?post=11833"}],"version-history":[{"count":6,"href":"https:\/\/blog.justhvk.hu\/blog\/wp-json\/wp\/v2\/pages\/11833\/revisions"}],"predecessor-version":[{"id":12138,"href":"https:\/\/blog.justhvk.hu\/blog\/wp-json\/wp\/v2\/pages\/11833\/revisions\/12138"}],"wp:attachment":[{"href":"https:\/\/blog.justhvk.hu\/blog\/wp-json\/wp\/v2\/media?parent=11833"}],"curies":[{"name":"wp","href":"https:\/\/api.w.org\/{rel}","templated":true}]}}