{"id":12144,"date":"2016-09-23T06:31:34","date_gmt":"2016-09-23T06:31:34","guid":{"rendered":"https:\/\/www.justhvk.hu\/blog\/?page_id=12144"},"modified":"2016-09-23T06:31:34","modified_gmt":"2016-09-23T06:31:34","slug":"2009-es-fotok","status":"publish","type":"page","link":"https:\/\/blog.justhvk.hu\/blog\/2009-es-fotok\/","title":{"rendered":"2009-es fot\u00f3k"},"content":{"rendered":"<p><strong>2009<\/strong><\/p>\n<ul>\n<li><a href=\"https:\/\/goo.gl\/photos\/A8ZXiSwebnpzAxJs8\">Harminc\u00e9ves az Irodalmi eml\u00e9kh\u00e1z &#8211; 2009. december 3.<\/a><a href=\"https:\/\/goo.gl\/photos\/pyH67yYHB6MPrsmt6\"><br \/>\n<\/a><\/li>\n<li><a href=\"https:\/\/goo.gl\/photos\/saTDi3BZTDNCEv1MA\">SINOSZ &#8211; rendhagy\u00f3 irodalmi \u00f3ra &#8211; 2009. november 9.<\/a><\/li>\n<li><a href=\"https:\/\/goo.gl\/photos\/iMvr6TtAVs5quqxS7\">Gyermekk\u00f6nyvt\u00e1r \u00faj b\u00fatorainak \u00e1tad\u00e1sa &#8211; 2009. okt\u00f3ber 28.<\/a><\/li>\n<li><a href=\"https:\/\/goo.gl\/photos\/MadbK4iCyvwotcXe8\">Rockvet\u00e9lked\u0151 &#8211; 2009. okt\u00f3ber 22.<\/a><\/li>\n<li><a href=\"https:\/\/goo.gl\/photos\/zohjYnBp6Ea7prrS8\">Tanfolyam &#8211; 2009. okt\u00f3ber 5-9.<\/a><\/li>\n<li><a href=\"https:\/\/goo.gl\/photos\/v2kT7Av3m1x3Rfvp6\">\u00daj b\u00fatorok \u00e9rkeztek a gyermekk\u00f6nyvt\u00e1rba &#8211; 2009. szeptember 22. &#8211; okt\u00f3ber 9.<\/a><\/li>\n<li><a href=\"https:\/\/goo.gl\/photos\/79uaFTZt9Domcr4T6\">B\u00e9k\u00e9ss\u00e1msoni lelt\u00e1roz\u00e1s &#8211; 2009. okt\u00f3ber 6.<\/a><\/li>\n<li><a href=\"https:\/\/goo.gl\/photos\/JutYb7wCmc1AqzTS7\">Tanfolyam &#8211; k\u00e9t h\u00e9t, k\u00e9t csoport &#8211; \u00a0&#8211; 2009. szeptember 9-17.<\/a><\/li>\n<li><a href=\"https:\/\/goo.gl\/photos\/vWRG8Nws9JocVPkB7\">Sz\u0171cs Ferenc: A M\u00e1trai S\u00e1ndor Stadion t\u00f6rt\u00e9nete &#8211; 2009. augusztus 6.<\/a><\/li>\n<li><a href=\"https:\/\/goo.gl\/photos\/RVHbupGx6FgvGvZMA\">Ifj\u00fas\u00e1gi Magyars\u00e1gt\u00e1bor &#8211; 2009. j\u00fanius 30.<\/a><\/li>\n<li><a href=\"https:\/\/goo.gl\/photos\/NQN1H7rkuKS9ZxVRA\">Ny\u00e1ri j\u00e1tsz\u00f3h\u00e1z a gyermekk\u00f6nyvt\u00e1rban \u00a0&#8211; 2009. j\u00fanius 29.<\/a><\/li>\n<li><a href=\"https:\/\/goo.gl\/photos\/1o6tENGNURr3MAkj7\">A Jelen Orosh\u00e1zi Almanach \u00a0\u00e9s \u00a0Veraszt\u00f3 Antal Batyu a kilincsen c\u00edm\u0171 k\u00f6nyv\u00e9nek bemutat\u00f3ja &#8211; 2009. j\u00fanius 15.<\/a><\/li>\n<li><a href=\"https:\/\/goo.gl\/photos\/NodpXfN927iDURHCA\">Lelt\u00e1roz\u00e1s Kardosk\u00faton &#8211; 2009. j\u00fanius 10.<\/a><\/li>\n<li><a href=\"https:\/\/goo.gl\/photos\/qb3pWDxa855JPfaY7\">J\u00e1tszunk a zen\u00e9vel! &#8211; 2009. \u00e1prilis 28.<\/a><\/li>\n<li><a href=\"http:\/\/https:\/\/goo.gl\/photos\/zxFHD2rFkARqHcf69\">H\u00fasv\u00e9ti k\u00e9sz\u00fcl\u0151d\u00e9s a gyermekk\u00f6nyvt\u00e1rban &#8211; 2009. \u00e1prilis 10.<\/a><\/li>\n<li><a href=\"https:\/\/goo.gl\/photos\/tqr4gdqC84aCLecK9\">Justh Zsigmond vers- \u00e9s pr\u00f3zamond\u00f3 verseny &#8211; 2009. febru\u00e1r 16.<\/a><\/li>\n<li><a href=\"https:\/\/goo.gl\/photos\/3Gb12j39PMvuWtYQA\">Kalyber Joe &#8211; az \u00faj magyar k\u00e9preg\u00e9ny &#8211; 2009. febru\u00e1r 14.<\/a><\/li>\n<li><a href=\"https:\/\/goo.gl\/photos\/YFdo6bnDzhhCBfDh7\">Kazinczy Ferencr\u0151l elnevezett &#8222;Sz\u00e9p magyar besz\u00e9d&#8221; verseny &#8211; 2009. febru\u00e1r 6.\u00a0<\/a><\/li>\n<li><a href=\"https:\/\/goo.gl\/photos\/ixisL3aeT86f4dnp9\">F\u00fcl\u00f6p B\u00e9la k\u00f6nyvbemutat\u00f3ja &#8211; 2009. janu\u00e1r 20.<\/a><\/li>\n<li><a href=\"https:\/\/goo.gl\/photos\/RngCEWNA7VxqDT358\">NAP K\u00c9PE 2009<\/a><\/li>\n<\/ul>\n<p>\u00d6sszes fot\u00f3:\u00a0<a href=\"https:\/\/www.justhvk.hu\/blog\/?page_id=11649\">https:\/\/www.justhvk.hu\/blog\/?page_id=11649<\/a><\/p>\n<div class=\"fcbkbttn_buttons_block\" id=\"fcbkbttn_left\"><div class=\"fcbkbttn_like \"><fb:like href=\"https:\/\/blog.justhvk.hu\/blog\/2009-es-fotok\/\" action=\"like\" colorscheme=\"light\" layout=\"button_count\"  size=\"small\"><\/fb:like><\/div><div class=\"fb-share-button  \" data-href=\"https:\/\/blog.justhvk.hu\/blog\/2009-es-fotok\/\" data-type=\"button_count\" data-size=\"small\"><\/div><\/div>","protected":false},"excerpt":{"rendered":"<p>2009 Harminc\u00e9ves az Irodalmi eml\u00e9kh\u00e1z &#8211; 2009. december 3. SINOSZ &#8211; rendhagy\u00f3 irodalmi \u00f3ra &#8211; 2009. november 9. Gyermekk\u00f6nyvt\u00e1r \u00faj b\u00fatorainak \u00e1tad\u00e1sa &#8211; 2009. okt\u00f3ber 28. Rockvet\u00e9lked\u0151 &#8211; 2009. okt\u00f3ber 22. Tanfolyam &#8211; 2009. okt\u00f3ber 5-9. \u00daj b\u00fatorok \u00e9rkeztek a gyermekk\u00f6nyvt\u00e1rba &#8211; 2009. szeptember 22. &#8211; okt\u00f3ber 9. B\u00e9k\u00e9ss\u00e1msoni lelt\u00e1roz\u00e1s &#8211; 2009. okt\u00f3ber 6. Tanfolyam [&hellip;]<\/p>\n","protected":false},"author":5,"featured_media":0,"parent":0,"menu_order":0,"comment_status":"open","ping_status":"open","template":"","meta":{"episode_type":"","audio_file":"","cover_image":"","cover_image_id":"","duration":"","filesize":"","date_recorded":"","explicit":"","block":"","filesize_raw":"","ngg_post_thumbnail":0,"footnotes":""},"class_list":["post-12144","page","type-page","status-publish","hentry"],"_links":{"self":[{"href":"https:\/\/blog.justhvk.hu\/blog\/wp-json\/wp\/v2\/pages\/12144","targetHints":{"allow":["GET"]}}],"collection":[{"href":"https:\/\/blog.justhvk.hu\/blog\/wp-json\/wp\/v2\/pages"}],"about":[{"href":"https:\/\/blog.justhvk.hu\/blog\/wp-json\/wp\/v2\/types\/page"}],"author":[{"embeddable":true,"href":"https:\/\/blog.justhvk.hu\/blog\/wp-json\/wp\/v2\/users\/5"}],"replies":[{"embeddable":true,"href":"https:\/\/blog.justhvk.hu\/blog\/wp-json\/wp\/v2\/comments?post=12144"}],"version-history":[{"count":1,"href":"https:\/\/blog.justhvk.hu\/blog\/wp-json\/wp\/v2\/pages\/12144\/revisions"}],"predecessor-version":[{"id":12145,"href":"https:\/\/blog.justhvk.hu\/blog\/wp-json\/wp\/v2\/pages\/12144\/revisions\/12145"}],"wp:attachment":[{"href":"https:\/\/blog.justhvk.hu\/blog\/wp-json\/wp\/v2\/media?parent=12144"}],"curies":[{"name":"wp","href":"https:\/\/api.w.org\/{rel}","templated":true}]}}