{"id":17367,"date":"2020-09-03T13:22:38","date_gmt":"2020-09-03T13:22:38","guid":{"rendered":"https:\/\/blog.justhvk.hu\/blog\/?page_id=17367"},"modified":"2025-07-28T11:49:52","modified_gmt":"2025-07-28T11:49:52","slug":"adatkezelesi-tajekoztato","status":"publish","type":"page","link":"https:\/\/blog.justhvk.hu\/blog\/adatkezelesi-tajekoztato\/","title":{"rendered":"Adatkezel\u00e9si t\u00e1j\u00e9koztat\u00f3"},"content":{"rendered":"<p>Adatkezel\u00e9si \u00e9s S\u00fcti t\u00e1j\u00e9koztat\u00f3nk <a href=\"https:\/\/blog.justhvk.hu\/blog\/wp-content\/uploads\/2025\/07\/Adatkezelesi_tajekoztato_Justh_Zsigmond_Varosi_Konyvtar_2025.pdf\">ide kattintva<\/a> \u00e9rhet\u0151 el.&nbsp;<\/p>\n<p>Adatv\u00e9delmi \u00e9s Adatkezel\u00e9si t\u00e1j\u00e9koztat\u00f3nk <a href=\"https:\/\/blog.justhvk.hu\/blog\/wp-content\/uploads\/2022\/07\/Adatvedelmi_es_adatkezelesi_tajekoztato_justhvk_2022.pdf\">ide kattintva<\/a> \u00e9rhet\u0151 el.&nbsp;<\/p>\n<div class=\"fcbkbttn_buttons_block\" id=\"fcbkbttn_left\"><div class=\"fcbkbttn_like \"><fb:like href=\"https:\/\/blog.justhvk.hu\/blog\/adatkezelesi-tajekoztato\/\" action=\"like\" colorscheme=\"light\" layout=\"button_count\"  size=\"small\"><\/fb:like><\/div><div class=\"fb-share-button  \" data-href=\"https:\/\/blog.justhvk.hu\/blog\/adatkezelesi-tajekoztato\/\" data-type=\"button_count\" data-size=\"small\"><\/div><\/div>","protected":false},"excerpt":{"rendered":"<p>Adatkezel\u00e9si \u00e9s S\u00fcti t\u00e1j\u00e9koztat\u00f3nk ide kattintva \u00e9rhet\u0151 el.&nbsp; Adatv\u00e9delmi \u00e9s Adatkezel\u00e9si t\u00e1j\u00e9koztat\u00f3nk ide kattintva \u00e9rhet\u0151 el.&nbsp;<\/p>\n","protected":false},"author":5,"featured_media":0,"parent":0,"menu_order":0,"comment_status":"closed","ping_status":"closed","template":"","meta":{"episode_type":"","audio_file":"","cover_image":"","cover_image_id":"","duration":"","filesize":"","date_recorded":"","explicit":"","block":"","filesize_raw":"","ngg_post_thumbnail":0,"footnotes":""},"class_list":["post-17367","page","type-page","status-publish","hentry"],"_links":{"self":[{"href":"https:\/\/blog.justhvk.hu\/blog\/wp-json\/wp\/v2\/pages\/17367","targetHints":{"allow":["GET"]}}],"collection":[{"href":"https:\/\/blog.justhvk.hu\/blog\/wp-json\/wp\/v2\/pages"}],"about":[{"href":"https:\/\/blog.justhvk.hu\/blog\/wp-json\/wp\/v2\/types\/page"}],"author":[{"embeddable":true,"href":"https:\/\/blog.justhvk.hu\/blog\/wp-json\/wp\/v2\/users\/5"}],"replies":[{"embeddable":true,"href":"https:\/\/blog.justhvk.hu\/blog\/wp-json\/wp\/v2\/comments?post=17367"}],"version-history":[{"count":4,"href":"https:\/\/blog.justhvk.hu\/blog\/wp-json\/wp\/v2\/pages\/17367\/revisions"}],"predecessor-version":[{"id":42686,"href":"https:\/\/blog.justhvk.hu\/blog\/wp-json\/wp\/v2\/pages\/17367\/revisions\/42686"}],"wp:attachment":[{"href":"https:\/\/blog.justhvk.hu\/blog\/wp-json\/wp\/v2\/media?parent=17367"}],"curies":[{"name":"wp","href":"https:\/\/api.w.org\/{rel}","templated":true}]}}