{"id":7707,"date":"2013-02-16T11:02:26","date_gmt":"2013-02-16T10:02:26","guid":{"rendered":"http:\/\/blog.justhvk.hu\/?page_id=7707"},"modified":"2015-09-22T12:46:52","modified_gmt":"2015-09-22T12:46:52","slug":"justh-zsigmond-1863-februar-16-pusztaszenttornya-1894-oktober-9-cannes","status":"publish","type":"page","link":"https:\/\/blog.justhvk.hu\/blog\/justh-zsigmond-1863-februar-16-pusztaszenttornya-1894-oktober-9-cannes\/","title":{"rendered":"Justh Zsigmond \u00e9lete"},"content":{"rendered":"<p>Justh Zsigmond (1863. febru\u00e1r 16., Pusztaszenttornya \u2013 1894. okt\u00f3ber 9., Cannes)<\/p>\n<p style=\"text-align: center;\"><a href=\"https:\/\/www.justhvk.hu\/blog\/wp-content\/uploads\/2013\/02\/01Justh-arckep.jpg\"><img loading=\"lazy\" decoding=\"async\" class=\"aligncenter  wp-image-7708\" alt=\"Justh-arckep\" src=\"https:\/\/www.justhvk.hu\/blog\/wp-content\/uploads\/2013\/02\/01Justh-arckep.jpg\" width=\"356\" height=\"539\" \/><\/a><\/p>\n<p><strong>A csal\u00e1d<\/strong><\/p>\n<p>Justh Zsigmond el\u0151kel\u0151 nemesi csal\u00e1db\u00f3l sz\u00e1rmazott, \u0151sei lakhelye a T\u00far\u00f3c megyei Necp\u00e1l k\u00f6zs\u00e9g volt, melyet a kihalt Necp\u00e1li csal\u00e1dt\u00f3l \u00f6r\u00f6k\u00f6ltek. A csal\u00e1d egyik \u00e1ga T\u00far\u00f3c megy\u00e9ben maradt, a m\u00e1sik Justh-\u00e1g az Alf\u00f6ldre k\u00f6lt\u00f6z\u00f6tt. <em>Justh Istv\u00e1<\/em>n, Justh Zsigmond \u00e9desapja Necp\u00e1lon sz\u00fcletett 1821. febru\u00e1r 23-\u00e1n, feles\u00e9ge <em>P\u00e1kozdy Matild<\/em>, akivel 1849. tavasz\u00e1n h\u00e1zasodtak \u00f6ssze. Els\u0151 fiuk, <em>Gyula <\/em>1850. janu\u00e1r 13-\u00e1n sz\u00fcletett Necp\u00e1lon, Kossuth h\u00edvek\u00e9nt v\u00e1lt a F\u00fcggetlen 48-as P\u00e1rt vezet\u0151j\u00e9v\u00e9, \u00e9s Mak\u00f3 orsz\u00e1ggy\u0171l\u00e9si k\u00e9pvisel\u0151j\u00e9v\u00e9. A m\u00e1sodik fi\u00fa, <em>Gedeon <\/em>1857-ben sz\u00fcletett, azonban 13 \u00e9vesen t\u00fcd\u0151bajban meghalt. Zsigmond 1863. febru\u00e1r 16-\u00e1n sz\u00fcletett.<\/p>\n<p>1855-56-ban k\u00f6lt\u00f6ztek Szentetorny\u00e1ra, miut\u00e1n anyai \u00e1gon \u00f6r\u00f6k\u00f6ltek B\u00e9k\u00e9s \u00e9s Csongr\u00e1d megy\u00e9ben mintegy 3000 holdnyi birtokot. Az apa jogot v\u00e9gzett, gazd\u00e1lkodott, b\u00e9rl\u0151i tisztelt\u00e9k. Az anya k\u00f6rnyezet\u00e9vel ridegebb, kim\u00e9rtebb, elutas\u00edt\u00f3bb, de rajong\u00e1sig szerette legkisebb fi\u00e1t. A pusztaszenttornyai birtokhoz 365 hold f\u00f6ld tartozott, ebb\u0151l a lak\u00f3h\u00e1z k\u00f6r\u00fcl 19 hold park, kert volt. A kis \u201etany\u00e1t\u201d folyamatosan b\u0151v\u00edtett\u00e9k, kisebb kast\u00e9ly v\u00e1lt bel\u0151le.<\/p>\n<p style=\"text-align: center;\"><a href=\"https:\/\/www.justhvk.hu\/blog\/wp-content\/uploads\/2013\/02\/02Justh-kastely.jpg\"><img loading=\"lazy\" decoding=\"async\" class=\"aligncenter  wp-image-7713\" alt=\"Justh-kastely\" src=\"https:\/\/www.justhvk.hu\/blog\/wp-content\/uploads\/2013\/02\/02Justh-kastely.jpg\" width=\"538\" height=\"359\" \/><\/a><\/p>\n<p><strong>Justh Zsigmond<\/strong><\/p>\n<p>1863. febru\u00e1r 16-\u00e1n sz\u00fcletett Pusztaszenttorny\u00e1n, gyermekkor\u00e1t a csal\u00e1di birtokon t\u00f6lt\u00f6tte. <em>\u201eT\u00f6r\u00e9keny, b\u00e1gyadt, hirtelensz\u0151ke ifj\u00fa, kinek \u00e1br\u00e1ndos szemeiben m\u00e9ly t\u0171z \u00e9g\u201d<\/em> &#8211; \u00edrta r\u00f3la <em>Miksz\u00e1th K\u00e1lm\u00e1n<\/em>. Sokat olvasott, a maga k\u00e9sz\u00edtette b\u00e1bsz\u00ednh\u00e1zzal j\u00e1tszott. Gimn\u00e1ziumi tanulm\u00e1nyait Budapesten v\u00e9gezte, jogi, nemzetgazdas\u00e1gi tanulm\u00e1nyokat a budapesti, kieli, z\u00fcrichi, p\u00e1rizsi egyetemeken folytatott. Szerette a zen\u00e9t, a dalokat, kit\u0171n\u0151en zongor\u00e1zott, k\u00f6nnyen \u00e9s gyorsan tanult, t\u00f6bb nyelven besz\u00e9lt, kellemes \u00e9s szellemes t\u00e1rsalg\u00f3 volt, a szalonok kedvence.<\/p>\n<p><strong>Bar\u00e1ti k\u00f6re<\/strong><\/p>\n<p>Arisztokrata bar\u00e1taival (<em>Batthy\u00e1ny, Szap\u00e1ri, Cs\u00e1ky, Teleky, Zichy<\/em> csal\u00e1dokb\u00f3l) tanulm\u00e1nyai sor\u00e1n ismerkedik meg, a szalonokban tal\u00e1lkoznak. 1882-ben ker\u00fcl el\u0151sz\u00f6r P\u00e1rizsba, <em>Tisza Istv\u00e1n<\/em>nal kezdi meg tanulm\u00e1nyait. Hamar a p\u00e1rizsi szalonok kedvelt egy\u00e9nis\u00e9g\u00e9v\u00e9 v\u00e1lik, szellemes t\u00e1rsalg\u00f3, megnyer\u0151 modor\u00fa, szuggeszt\u00edv egy\u00e9nis\u00e9g. K\u00fcl\u00f6n\u00f6s megjelen\u00e9s\u00e9vel, s\u00e1padt, krisztusi arc\u00e1val, m\u00e9lyen \u00e9g\u0151 szemeivel nagyon sok bar\u00e1tra tesz szert (pl. <em>Sarah Bernhardt, Jablonowska hercegn\u0151, ifj. Dumas, Munk\u00e1csy, Verescsagin<\/em>&#8230;). 1888-as p\u00e1rizsi napl\u00f3ja h\u0171en t\u00fckr\u00f6zi ezt a t\u00e1rsas\u00e1gi \u00e9letet. Visszat\u00e9rve Pestre maga k\u00f6r\u00e9 gy\u0171jti bar\u00e1tait, irodalmi klubot szervez, jelent\u0151s alkot\u00f3k, m\u0171v\u00e9szek jelennek meg k\u00f6r\u00fcl\u00f6tte. El\u00e9g csak n\u00e9h\u00e1ny nevet megeml\u00edteni: <em>Feszty \u00c1rp\u00e1d<\/em> \u00e9s feles\u00e9ge, <em>J\u00f3kai R\u00f3za, Hubay Jen\u0151, J\u00e1szai Mari, Cz\u00f3bel Minka, Br\u00f3dy S\u00e1ndor, Aggh\u00e1zy K\u00e1roly, Gozsdu Elek, Szabolcska Mih\u00e1ly<\/em>, \u00e9s a kor\u00e1bbi, arisztokrata bar\u00e1tai. 1889-es pesti napl\u00f3ja h\u0171 t\u00fckre ennek az id\u0151szaknak. Bar\u00e1tokat, lelki t\u00e1rsakat keresett irodalmi, m\u0171v\u00e9szi, kultur\u00e1lis tervei megval\u00f3s\u00edt\u00e1s\u00e1hoz.<\/p>\n<p><strong>Irodalmi tervei, alkot\u00e1sai<\/strong><\/p>\n<p>T\u00e1rsas\u00e1gi \u00e9lete, utaz\u00e1sai sor\u00e1n nagyon alapos emberismeretre tesz szert, tapasztalatokat szerez. J\u00f3 megfigyel\u0151, j\u00f3 elemz\u0151 k\u00e9szs\u00e9ge van, \u00e9lethivat\u00e1sul az \u00edr\u00f3i p\u00e1ly\u00e1t v\u00e1lasztotta. Ars poetic\u00e1ja volt:<em> \u201eIgazs\u00e1g, \u00e9rz\u00e9s, vil\u00e1gn\u00e9zet, ez a h\u00e1rom teremti az \u00edr\u00f3t, s m\u0171v\u00e9szt. Akinek ez nincs, az \u00edrja reg\u00e9ny\u00e9t f\u0151z\u0151kan\u00e1llal\u201d<\/em>.<\/p>\n<p>Az els\u0151 sz\u00e1rnypr\u00f3b\u00e1lgat\u00e1sokat a kor divatos m\u0171faj\u00e1ban, st\u00edlus\u00e1ban \u00edrta. Tanulm\u00e1nyai, elemz\u0151 \u00edr\u00e1sai majd elbesz\u00e9l\u00e9sei P\u00e1rizsban \u00e9s a hazai sajt\u00f3ban is megjelentek. Elbesz\u00e9l\u00e9sei 1886-ban jelentek meg k\u00f6tetben. Az 1890 \u00e9s 1892 k\u00f6z\u00f6tt \u00edrott novell\u00e1i sz\u0171kebb sz\u00fcl\u0151f\u00f6ldj\u00e9n j\u00e1tsz\u00f3dnak, az itt \u00e9l\u0151 emberek a h\u0151sei (pl. Zana Zsuzsi megt\u00e9r\u00e9se, D\u00e9lben, Az asszony szava Isten szava, Le\u00e1nyn\u00e9z\u0151, A puszta b\u00f6lcse).<\/p>\n<p>Reg\u00e9ny\u00edr\u00e1sban p\u00e9ldak\u00e9p\u00e9nek <em>Zol\u00e1t <\/em>tekintette. T\u00e1rsadalomelemz\u0151 \u00edr\u00e1saiban azt kutatja, mutatja be, mi a szerepe az arisztokr\u00e1ci\u00e1nak, k\u00f6z\u00e9pnemess\u00e9gnek. A paraszts\u00e1g tehets\u00e9g\u00e9t, erej\u00e9t tekinti a j\u00f6v\u0151 meg\u00fajul\u00e1s\u00e1nak. <em>Balzac <\/em>hat\u00e1s\u00e1ra <em>\u201eA kiv\u00e1l\u00e1s genezise\u201d<\/em> c\u00edmmel 14 k\u00f6tetes reg\u00e9nyciklust tervez, ebb\u0151l h\u00e1rom k\u00f6tet k\u00e9sz\u00fclt el: <em>A p\u00e9nz legend\u00e1ja<\/em> (1893), a <em>G\u00e1ny\u00f3 Julcsa <\/em>(1894) \u00e9s a <em>Fuimus<\/em> (1895). Justh szerint az arisztokr\u00e1cia akaratgyenge, pusztul\u00e1sra \u00edt\u00e9ltetett, tapasztalata azonban tov\u00e1bbadhat\u00f3. Az arisztokr\u00e1cia ellenpontja a vid\u00e9ki eg\u00e9szs\u00e9ges, \u00e9leter\u0151s paraszts\u00e1g.<\/p>\n<p>M\u00e9ltat\u00f3i \u00e9s a kritikusok egy\u00f6ntet\u0171en \u00e1ll\u00edtj\u00e1k, hogy minden reg\u00e9ny\u00e9n\u00e9l \u00e9s novell\u00e1j\u00e1n\u00e1l \u00e9rdekesebb m\u0171ve az a feljegyz\u00e9ssorozat, melyet az 1888-as p\u00e1rizsi \u00e9s az 1889-es pesti tart\u00f3zkod\u00e1sa alatt vezetett. E napl\u00f3kat <em>Hal\u00e1sz G\u00e1bor<\/em> rendezte sajt\u00f3 al\u00e1 \u00e9s bocs\u00e1totta a nyilv\u00e1noss\u00e1g el\u00e9 1941-ben.<\/p>\n<p style=\"text-align: center;\"><a href=\"https:\/\/www.justhvk.hu\/blog\/wp-content\/uploads\/2013\/02\/15Justh-naplo.jpg\"><img loading=\"lazy\" decoding=\"async\" class=\"aligncenter  wp-image-7714\" alt=\"Justh-naplo\" src=\"https:\/\/www.justhvk.hu\/blog\/wp-content\/uploads\/2013\/02\/15Justh-naplo.jpg\" width=\"336\" height=\"538\" \/><\/a><\/p>\n<p>A <em>P\u00e1rizsi napl\u00f3<\/em> arr\u00f3l a szalon\u00e9letr\u0151l ad k\u00e9pet, amely P\u00e1rizst a m\u0171v\u00e9szek, a szellemi emberek szem\u00e9ben a vil\u00e1g f\u0151v\u00e1ros\u00e1v\u00e1 tette. Kifinomult, alaposan elemz\u0151 egy-egy portr\u00e9ja. Szellemesen, gyakran cs\u00edp\u0151s megjegyz\u00e9sekkel \u00edr egy-egy m\u0171v\u00e9szr\u0151l.<\/p>\n<p>A<em> Hazai napl\u00f3<\/em> fiatal arisztokrata bar\u00e1tait, a kor jelent\u0151s alkot\u00f3it mutatja be, s azt a szervez\u0151 munk\u00e1t, amit az irodalmi \u00e9let\u00e9rt tett, egy irodalmi k\u00f6t megszervez\u00e9s\u00e9nek \u00e9rdek\u00e9ben.<\/p>\n<p>Levelei kieg\u00e9sz\u00edtik a napl\u00f3 vallom\u00e1sait \u2013 kiterjedt levelez\u00e9s\u00e9nek egy r\u00e9sze szint\u00e9n k\u00e9s\u0151bb jelent meg. \u0150szinte, k\u00f6zvetlen hangnemben sz\u00f3l bar\u00e1taihoz. Besz\u00e9l, \u00edr terveir\u0151l, t\u00e1mogat\u00f3kat keres irodalmi \u00fajs\u00e1g szerkeszt\u00e9s\u00e9hez, \u00e9l\u00e9nk vit\u00e1t folytat m\u0171veir\u0151l, k\u00f6lt\u0151t\u00e1rsainak alkot\u00e1sair\u00f3l, majd 1892-t\u0151l egyre t\u00f6bbet \u00edr betegs\u00e9g\u00e9r\u0151l, utaz\u00e1sair\u00f3l, rem\u00e9nyeir\u0151l, eg\u00e9szs\u00e9gi \u00e1llapot\u00e1r\u00f3l.<\/p>\n<p><strong>Justh parasztsz\u00ednh\u00e1za<\/strong><\/p>\n<p>Justh a paraszts\u00e1gban nemzetment\u0151, m\u0171v\u00e9szi er\u0151t, j\u00f3 szellemi adotts\u00e1gokat l\u00e1tott. Erre alapozta a sz\u00ednh\u00e1zi terveit is. T\u00f6bbf\u00e9le el\u0151zm\u00e9nye volt a parasztsz\u00ednh\u00e1z l\u00e9trej\u00f6tt\u00e9nek. K\u00f6zrej\u00e1tszott benne gyermekkori \u00e9lm\u00e9nye, a betlehemi j\u00e1t\u00e9kok, a doh\u00e1nytermeszt\u0151k (a g\u00e1ny\u00f3k) szok\u00e1sainak megismer\u00e9se. Emellett p\u00e1rizsi tart\u00f3zkod\u00e1sa idej\u00e9n orosz bar\u00e1tait\u00f3l (<em>Verescsagin<\/em>, <em>Antokolszkij<\/em>) hallott a jobb\u00e1gysz\u00ednh\u00e1zakr\u00f3l, valamint a francia g\u00e1zgy\u00e1ri dolgoz\u00f3k avantgard sz\u00ednh\u00e1z\u00e1r\u00f3l is. Igazi ind\u00edt\u00e9ka m\u00e9gis a t\u00e1rsadalmat meg\u00faj\u00edt\u00f3 terve volt, amely a paraszts\u00e1g szellemi gazdags\u00e1g\u00e1t, m\u0171velts\u00e9g\u00e9nek b\u0151v\u00edt\u00e9s\u00e9t k\u00edv\u00e1nta el\u00e9rni. Szoros \u00e9rzelmi, erk\u00f6lcsi kapcsolat f\u0171zte Szentetorny\u00e1hoz, a puszt\u00e1hoz, annak n\u00e9p\u00e9hez.<\/p>\n<p>1889-t\u0151l feler\u0151s\u00f6dik benne a hazav\u00e1gy\u00e1s, alig v\u00e1rja a tavaszt, hogy hazat\u00e9rhessen. <em>\u201eDe j\u00f3 itt nyugodni. Az eny\u00e9im k\u00f6z\u00f6tt, az \u00e9n isten\u00e1ldta boldog n\u00e9pem k\u00f6z\u00f6tt\u201d<\/em> &#8211; \u00edrja <em>Cz\u00f3bel Mink\u00e1nak<\/em>. Birtok\u00e1n a parasztok b\u00e9rl\u0151k voltak, jobb anyagi k\u00f6r\u00fclm\u00e9nyek k\u00f6z\u00f6tt \u00e9ltek. A f\u00e9l falu a \u201ekom\u00e1ja\u201d volt, a keresztel\u0151kre, esk\u00fcv\u0151kre mindig megh\u00edvt\u00e1k, de vend\u00e9geivel is gyakran ell\u00e1togatott a parasztjaihoz. Gyakran vend\u00e9geskedett n\u00e1luk, legjobb parasztbar\u00e1tait megh\u00edvta, gyakran \u00e9nekeltek egy\u00fctt. L\u00e1togatta a helyi iskol\u00e1t is, a j\u00f3 tanul\u00f3kat megjutalmazta, de t\u00e1mogatta a helyi olvas\u00f3k\u00f6rt is, k\u00f6nyveket, z\u00e1szl\u00f3t adom\u00e1nyozott, \u00e9s felolvas\u00e1st tartott bar\u00e1taival. 1890-ben ifj\u00fas\u00e1gi egyletet alap\u00edtottak, az olvas\u00f3v\u00e1 nevel\u00e9st szorgalmazt\u00e1k.<\/p>\n<p style=\"text-align: center;\"><a href=\"https:\/\/www.justhvk.hu\/blog\/wp-content\/uploads\/2013\/02\/18szinhaz.jpg\"><img loading=\"lazy\" decoding=\"async\" class=\"aligncenter  wp-image-7715\" alt=\"szinhaz\" src=\"https:\/\/www.justhvk.hu\/blog\/wp-content\/uploads\/2013\/02\/18szinhaz.jpg\" width=\"539\" height=\"439\" \/><\/a><\/p>\n<p><em>&#8222;\u00c9n \u00e9vek \u00f3ta minden vas\u00e1rnap egy cimbalmost \u00e9s egy heged\u0171st hozatok ki Orosh\u00e1z\u00e1r\u00f3l, ennek a k\u00e9t cig\u00e1nynak cincog\u00f3 muzsik\u00e1ja mellett, az \u00e9n j\u00f3 n\u00e9pem elt\u00e1ncol esteli hatt\u00f3l reggel hatig &#8211; b\u00e9kess\u00e9gben. K\u00f6zben pedig sz\u00edni el\u0151ad\u00e1s tartatik. Igen, sz\u00edni el\u0151ad\u00e1s. Mi itt egy kis sz\u00ednt\u00e1rsulatot toboroztunk \u00f6ssze, Fesztyn\u00e9 J\u00f3kai R\u00f3za kom\u00e1masszonnyal, meg Cz\u00f3bel\u00e9kkel, m\u00e9gpedig csupa szabad- \u00e9s puszta-szt.-tornyai f\u00f6ldm\u0171vel\u0151kb\u0151l. J\u00e1tszatunk azt\u00e1n ezekkel Shakespeare-t, Moli\u00e9re-t \u00e9s n\u00e9psz\u00ednm\u0171veket.&#8221;<\/em><\/p>\n<p>A birtok\u00e1n szervezett sz\u00ednh\u00e1zzal a legf\u0151bb c\u00e9lja megmutatni a paraszts\u00e1g \u0151si tehets\u00e9g\u00e9t, kiakn\u00e1zatlan szellemi er\u0151tartal\u00e9kait. Az els\u0151 el\u0151ad\u00e1st 1892-ben tartott\u00e1k, az utols\u00f3t 1894. augusztus 25-\u00e9n. Az els\u0151 \u00e9vben a sz\u00ednh\u00e1z a ki\u00fcr\u00edtett vir\u00e1gh\u00e1z volt deszkac\u00f6l\u00f6p\u00f6kre \u00e1ll\u00edtott sz\u00ednpaddal, f\u00fcgg\u00f6nnyel, n\u00e9z\u0151t\u00e9rrel, padokkal, g\u00f6r\u00f6g mint\u00e1ra \u00e9p\u00edtett padokkal. Ezt a sz\u00ednh\u00e1zat nevezte Justh k\u00e9s\u0151bb (amikor a k\u00f6vetkez\u0151 ny\u00e1ron m\u00e1r a nagyobbat, az amfite\u00e1trumot is meg\u00e9p\u00edtette) Kis Sz\u00ednh\u00e1znak. Az amfite\u00e1trum v\u00e1lyogb\u00f3l \u00e9p\u00fclt, s feh\u00e9rre meszelt\u00e9k. Val\u00f3s\u00e1gos amfite\u00e1trum: k\u00f6ralak\u00fa fedetlen \u00e9p\u00fclet, k\u00f6r\u00f6sk\u00f6r\u00fcl fokozatosan emelked\u0151 sorokkal, melyekben szakaszokra voltak beosztva az \u00fcl\u0151helyek, piros v\u00e1szonnal bevonva, el\u0151tt\u00fck padok. A sz\u00ednpadot valamivel magasabbra \u00e9p\u00edtett\u00e9k, el\u0151tte elker\u00edtett hely volt a kar sz\u00e1m\u00e1ra, s egy s\u00fag\u00f3lyuk f\u00e9le, melyen kopogtat\u00f3val jelezt\u00e9k az el\u0151ad\u00e1s kezdet\u00e9t.<em> &#8222;A sz\u00ednh\u00e1z hossza 18-20 m\u00e9ter, sz\u00e9less\u00e9ge 8-10 m\u00e9ter, fala mintegy 3 m\u00e9ter magas. Teteje nincs, hanem sz\u00e9p lombos f\u00e1k borulnak r\u00e1. A sz\u00ednpad f\u00e9l m\u00e9terre van emelve. A sz\u00ednpad mellett k\u00e9t f\u00fclke \u00e9s k\u00f6z\u00e9pen egy kij\u00e1r\u00f3 ajt\u00f3 van. \u00dagy a f\u00fclk\u00e9ket, mint a kij\u00e1r\u00f3 ajt\u00f3t v\u00f6r\u00f6s sz\u00f6vet f\u00f6di el. A n\u00e9z\u0151t\u00e9r k\u00f6zep\u00e9n a fal mellett van a p\u00e1holy. A p\u00e1holy mellett jobbr\u00f3l \u00e9s balr\u00f3l egy sor sz\u00e9k, a sz\u00e9kek el\u0151tt k\u00e9t sor pad, a padok v\u00e9g\u00e9n ism\u00e9t k\u00e9t sor r\u00f6vid pad van elhelyezve. A k\u00e9t k\u00f6r-pad v\u00f6r\u00f6s sz\u00f6vettel van bevonva. A sz\u00ednpad nincs elz\u00e1rva f\u00fcgg\u00f6nnyel. A fal mellett \u00e9s a bej\u00e1r\u00f3kn\u00e1l van az \u00e1ll\u00f3hely.&#8221;<\/em> Az \u00e9p\u00fclet k\u00f6r\u00fcli parkban \u00e1llt J\u00e1szai Mari \u00e9s Justh Zsigmond szobra is, melyeket <em>Str\u00f3bl Alajos<\/em> k\u00e9sz\u00edtett.<\/p>\n<p style=\"text-align: center;\"><a href=\"https:\/\/www.justhvk.hu\/blog\/wp-content\/uploads\/2013\/02\/22szinhaz-vazlat.jpg\"><img loading=\"lazy\" decoding=\"async\" class=\"aligncenter  wp-image-7716\" alt=\"szinhaz-vazlat\" src=\"https:\/\/www.justhvk.hu\/blog\/wp-content\/uploads\/2013\/02\/22szinhaz-vazlat.jpg\" width=\"362\" height=\"539\" \/><\/a><\/p>\n<p>Justh maga is \u00edrt t\u00f6bb egyfelvon\u00e1sos n\u00e9psz\u00ednm\u0171vet, de a parasztsz\u00ednh\u00e1zban el\u0151adt\u00e1k t\u00f6bbek k\u00f6z\u00f6tt <em>Moli\u00e8re<\/em>, <em>Szophokl\u00e9sz<\/em>, <em>Shakespeare<\/em>, vagy \u00e9ppen Cz\u00f3bel Minka darabjait is. A sz\u00edndarabok rendez\u0151je, d\u00edszletmestere maga Justh Zsigmond volt, de sok seg\u00edts\u00e9get kapott <em>Hencz\u00e9ly K\u00e1roly<\/em> tan\u00edt\u00f3t\u00f3l is. A b\u00fatorokat a kast\u00e9lyb\u00f3l hozt\u00e1k ki, a francia darabok jelmezeit Pestr\u0151l hozatta, sok egy\u00e9b kell\u00e9ket Orosh\u00e1z\u00e1n v\u00e1s\u00e1roltak meg. Sikereir\u0151l \u00fajs\u00e1g\u00edr\u00f3 bar\u00e1tai sz\u00e1moltak be, mik\u00f6zben a sz\u00ednh\u00e1zat k\u00e9t alkalommal maga J\u00e1szai Mari is megl\u00e1togatta.<\/p>\n<p><strong>Justh Zsigmond hal\u00e1la, temet\u00e9se<\/strong><\/p>\n<p>Justh 1887-ben eml\u00edti el\u0151sz\u00f6r betegs\u00e9g\u00e9t, miut\u00e1n egy megf\u00e1z\u00e1s k\u00f6vetkezm\u00e9nyek\u00e9nt t\u00fcd\u0151gyullad\u00e1st kap. Gy\u00f3gykezel\u00e9s\u00e9\u00e9rt mindent megtesz, gyenge szervezete azonban nem tudja legy\u0151zni a t\u00fcd\u0151bajt. Bar\u00e1tainak \u0151szint\u00e9n vall leveleiben betegs\u00e9g\u00e9r\u0151l, f\u00e1jdalmair\u00f3l, eg\u00e9szs\u00e9gi \u00e1llapot\u00e1r\u00f3l. K\u00f6zben f\u00e1radhatatlanul szervez, \u00edr, dolgozik. 1894-ben rosszabbra fordul \u00e1llapota, egyre csak fogy, ez\u00e9rt hamarabb utazik el Szentetorny\u00e1r\u00f3l, el\u0151bb Pestre, majd P\u00e1rizsba \u00e9s Cannes-ba.<\/p>\n<p>Utols\u00f3 leveleinek egyik\u00e9t R\u00f3zsa Mikl\u00f3snak \u00edrja:<\/p>\n<p><em>\u201eT\u00edz nap \u00f3ta megint rosszul vagyok. Azt hiszem, bajom rohamosabb jelleget \u00f6lt\u00f6tt. De egy cseppet se b\u00e1nom. L\u00e1ttam sokat, \u00fajat alig fogok m\u00e1r l\u00e1thatni, f\u00e1radt vagyok, s pihenni nem lesz rossz&#8230; L\u00e1ssa, ez az \u00e9n tragikumom, ott nem lehetek, ahol szeretek lenni, ahol tal\u00e1n m\u00e9g a hal\u00e1l sem lenne neh\u00e9z, mert oly term\u00e9szetesnek teszi a t\u00e1j, mely k\u00f6r\u00fclvesz&#8230; Pedig j\u00f3 lenne itt \u00e9lni az \u00e9letet!&#8230; Csak legal\u00e1bb annyi irgalommal lenne ir\u00e1ntam az isteni Gondvisel\u00e9s, hogy idehaza v\u00e9gezhetn\u00e9m be p\u00e1lyafut\u00e1somat&#8230;\u201d<\/em><\/p>\n<p>H\u0171s\u00e9ges inasa, <em>Szentiv\u00e1nyi Istv\u00e1n<\/em> van mellette, aki k\u00edv\u00e1ns\u00e1g\u00e1ra karjaiban viszi ki a tengerpartra a teljesen legyeng\u00fclt Justhot, aki 1894. okt\u00f3ber 9-\u00e9n v\u00e9gleg megpihent.<\/p>\n<p>B\u00e1tyja, Justh Gyula hozatta haza kett\u0151s \u00e9rckopors\u00f3ban. Okt\u00f3ber 22-\u00e9n birtok\u00e1n, Szentetorny\u00e1n, a k\u00f6rsz\u00ednh\u00e1z k\u00f6zep\u00e9n, a p\u00e1holy hely\u00e9n temetik el. Bar\u00e1tai, tisztel\u0151i, a falu n\u00e9pe b\u00facs\u00fazik t\u0151le, t\u00f6bb mint k\u00e9tezren k\u00eds\u00e9rik \u0151t utols\u00f3 \u00fatj\u00e1ra.<\/p>\n<p>A m\u00e1sodik vil\u00e1gh\u00e1bor\u00fa ut\u00e1n a park f\u00e1it kiv\u00e1gt\u00e1k, a s\u00edrhelyet lerombolt\u00e1k, a kast\u00e9lyt is t\u00f6nkretett\u00e9k, lebontott\u00e1k. Sz\u00fclet\u00e9s\u00e9nek sz\u00e1zadik \u00e9vfordul\u00f3j\u00e1n felt\u00e1rt\u00e1k a r\u00e9gi s\u00edrhelyet, az obeliszket megtal\u00e1lt\u00e1k, f\u00f6ldi maradv\u00e1nyait G\u00e1doroson \u00fajratemett\u00e9k. Ma is ott tal\u00e1lhat\u00f3 v\u00e9gs\u0151 nyughelye.<\/p>\n<p style=\"text-align: center;\"><a href=\"https:\/\/www.justhvk.hu\/blog\/wp-content\/uploads\/2013\/02\/Justh-sir.jpg\"><img loading=\"lazy\" decoding=\"async\" class=\"aligncenter  wp-image-7718\" alt=\"Justh-sir\" src=\"https:\/\/www.justhvk.hu\/blog\/wp-content\/uploads\/2013\/02\/Justh-sir.jpg\" width=\"155\" height=\"208\" \/><\/a><\/p>\n<p>R\u00f6vid \u00e9let\u00e9ben sokat dolgozott, alkotott. Tehets\u00e9ge, m\u0171v\u00e9sz \u00e9rz\u00e9ke, sokoldal\u00fa \u00e9rdekl\u0151d\u00e9se alkot\u00e1saiban is l\u00e1that\u00f3. F\u00e1radhatatlanul dolgozott a magyar irodalom n\u00e9pszer\u0171s\u00edt\u00e9s\u00e9n, az egyszer\u0171 emberek m\u0171vel\u00e9s\u00e9n. A sz\u00f6rny\u0171 betegs\u00e9g kor\u00e1n elragadta, p\u00e1ly\u00e1ja der\u00e9kba t\u00f6rt. Alkot\u00e1sai \u00edgy is jelent\u0151sek, m\u00e9lt\u00f3ak a megismer\u00e9sre. Nev\u00e9t a g\u00e1dorosi m\u0171vel\u0151d\u00e9si h\u00e1z \u00e9s az orosh\u00e1zi v\u00e1rosi k\u00f6nyvt\u00e1r \u0151rzi.<\/p>\n<p style=\"text-align: right;\"><em>Vet\u00e9sin\u00e9 Petr\u00e1nyi Erzs\u00e9bet<\/em><\/p>\n<div class=\"fcbkbttn_buttons_block\" id=\"fcbkbttn_left\"><div class=\"fcbkbttn_like \"><fb:like href=\"https:\/\/blog.justhvk.hu\/blog\/justh-zsigmond-1863-februar-16-pusztaszenttornya-1894-oktober-9-cannes\/\" action=\"like\" colorscheme=\"light\" layout=\"button_count\"  size=\"small\"><\/fb:like><\/div><div class=\"fb-share-button  \" data-href=\"https:\/\/blog.justhvk.hu\/blog\/justh-zsigmond-1863-februar-16-pusztaszenttornya-1894-oktober-9-cannes\/\" data-type=\"button_count\" data-size=\"small\"><\/div><\/div>","protected":false},"excerpt":{"rendered":"<p>Justh Zsigmond (1863. febru\u00e1r 16., Pusztaszenttornya \u2013 1894. okt\u00f3ber 9., Cannes) A csal\u00e1d Justh Zsigmond el\u0151kel\u0151 nemesi csal\u00e1db\u00f3l sz\u00e1rmazott, \u0151sei lakhelye a T\u00far\u00f3c megyei Necp\u00e1l k\u00f6zs\u00e9g volt, melyet a kihalt Necp\u00e1li csal\u00e1dt\u00f3l \u00f6r\u00f6k\u00f6ltek. A csal\u00e1d egyik \u00e1ga T\u00far\u00f3c megy\u00e9ben maradt, a m\u00e1sik Justh-\u00e1g az Alf\u00f6ldre k\u00f6lt\u00f6z\u00f6tt. Justh Istv\u00e1n, Justh Zsigmond \u00e9desapja Necp\u00e1lon sz\u00fcletett 1821. febru\u00e1r [&hellip;]<\/p>\n","protected":false},"author":5,"featured_media":0,"parent":0,"menu_order":10,"comment_status":"open","ping_status":"open","template":"","meta":{"episode_type":"","audio_file":"","cover_image":"","cover_image_id":"","duration":"","filesize":"","date_recorded":"","explicit":"","block":"","filesize_raw":"","ngg_post_thumbnail":0,"footnotes":""},"class_list":["post-7707","page","type-page","status-publish","hentry"],"_links":{"self":[{"href":"https:\/\/blog.justhvk.hu\/blog\/wp-json\/wp\/v2\/pages\/7707","targetHints":{"allow":["GET"]}}],"collection":[{"href":"https:\/\/blog.justhvk.hu\/blog\/wp-json\/wp\/v2\/pages"}],"about":[{"href":"https:\/\/blog.justhvk.hu\/blog\/wp-json\/wp\/v2\/types\/page"}],"author":[{"embeddable":true,"href":"https:\/\/blog.justhvk.hu\/blog\/wp-json\/wp\/v2\/users\/5"}],"replies":[{"embeddable":true,"href":"https:\/\/blog.justhvk.hu\/blog\/wp-json\/wp\/v2\/comments?post=7707"}],"version-history":[{"count":3,"href":"https:\/\/blog.justhvk.hu\/blog\/wp-json\/wp\/v2\/pages\/7707\/revisions"}],"predecessor-version":[{"id":10734,"href":"https:\/\/blog.justhvk.hu\/blog\/wp-json\/wp\/v2\/pages\/7707\/revisions\/10734"}],"wp:attachment":[{"href":"https:\/\/blog.justhvk.hu\/blog\/wp-json\/wp\/v2\/media?parent=7707"}],"curies":[{"name":"wp","href":"https:\/\/api.w.org\/{rel}","templated":true}]}}