{"id":9451,"date":"2014-07-03T12:25:35","date_gmt":"2014-07-03T12:25:35","guid":{"rendered":"https:\/\/www.justhvk.hu\/blog\/?page_id=9451"},"modified":"2025-07-29T13:26:27","modified_gmt":"2025-07-29T13:26:27","slug":"koltsegvetes","status":"publish","type":"page","link":"https:\/\/blog.justhvk.hu\/blog\/koltsegvetes\/","title":{"rendered":"K\u00f6lts\u00e9gvet\u00e9s"},"content":{"rendered":"<ul>\n<li><a href=\"https:\/\/blog.justhvk.hu\/blog\/wp-content\/uploads\/2025\/07\/3_2025_2025_02_18.pdf\">Orosh\u00e1za V\u00e1ros \u00d6nkorm\u00e1nyzata K\u00e9pvisel\u0151-test\u00fclet\u00e9nek 3\/2025. (II.18.) \u00f6nkorm\u00e1nyzati rendelete az \u00d6nkorm\u00e1nyzat 2025. \u00e9vi k\u00f6lts\u00e9gvet\u00e9s\u00e9r\u0151l<\/a><\/li>\n<li><a href=\"https:\/\/blog.justhvk.hu\/blog\/wp-content\/uploads\/2024\/04\/2_2024_2024_02_12_kihirdetesre.pdf\">Orosh\u00e1za V\u00e1ros \u00d6nkorm\u00e1nyzata K\u00e9pvisel\u0151-test\u00fclet\u00e9nek 2\/2024. (II.12.) \u00f6nkorm\u00e1nyzati rendelete az \u00d6nkorm\u00e1nyzat 2024. \u00e9vi k\u00f6lts\u00e9gvet\u00e9s\u00e9r\u0151l<\/a>&nbsp;<\/li>\n<li><a href=\"https:\/\/blog.justhvk.hu\/blog\/wp-content\/uploads\/2023\/04\/2_2023_2023_02_15_kihirdetesre.pdf\">Orosh\u00e1za V\u00e1ros \u00d6nkorm\u00e1nyzata K\u00e9pvisel\u0151-test\u00fclet\u00e9nek 2\/2023. (II.15.) \u00f6nkorm\u00e1nyzati rendelete az \u00d6nkorm\u00e1nyzat 2023. \u00e9vi k\u00f6lts\u00e9gvet\u00e9s\u00e9r\u0151l<\/a>&nbsp;<\/li>\n<li><a href=\"https:\/\/blog.justhvk.hu\/blog\/wp-content\/uploads\/2023\/04\/Oroshaza-Varos-Onkormanyzata-Kepviselo-testuletenek-4-_2022_II.15.-onkormanyzati-rendelete.pdf\">Orosh\u00e1za V\u00e1ros \u00d6nkorm\u00e1nyzata K\u00e9pvisel\u0151-test\u00fclet\u00e9nek 4\/2022. (II.15.) \u00f6nkorm\u00e1nyzati rendelete az \u00d6nkorm\u00e1nyzat 2022. \u00e9vi k\u00f6lts\u00e9gvet\u00e9s\u00e9r\u0151l&nbsp;<\/a><\/li>\n<li><a href=\"https:\/\/blog.justhvk.hu\/blog\/wp-content\/uploads\/2021\/04\/5_2021_2021_02_22_polgarmesteri-hataskorben_kihirdetesre.pdf\">Orosh\u00e1za V\u00e1ros \u00d6nkorm\u00e1nyzat K\u00e9pvisel\u0151-test\u00fclet\u00e9nek hat\u00e1sk\u00f6r\u00e9ben a polg\u00e1rmester \u00e1ltal megalkotott 5\/2021. (II.22.) \u00f6nkorm\u00e1nyzati rendelet az \u00d6nkorm\u00e1nyzat 2021. \u00e9vi k\u00f6lts\u00e9gvet\u00e9s\u00e9r\u0151l<\/a><\/li>\n<li><a href=\"https:\/\/blog.justhvk.hu\/blog\/wp-content\/uploads\/2021\/04\/1_2020_2020_01_30_kihirdetesre.pdf\">Orosh\u00e1za V\u00e1ros \u00d6nkorm\u00e1nyzata K\u00e9pvisel\u0151-test\u00fclet\u00e9nek 1\/2020. (I.30.) \u00f6nkorm\u00e1nyzati rendelete az \u00d6nkorm\u00e1nyzat 2020. \u00e9vi k\u00f6lts\u00e9gvet\u00e9s\u00e9r\u0151l<\/a><\/li>\n<li><a href=\"https:\/\/blog.justhvk.hu\/blog\/wp-content\/uploads\/2019\/07\/1_2019_2019_01_31_kihirdetesre.pdf\">Orosh\u00e1za V\u00e1ros \u00d6nkorm\u00e1nyzata K\u00e9pvisel\u0151-test\u00fclet\u00e9nek 1\/2019. (I.31.) \u00f6nkorm\u00e1nyzati rendelete az \u00d6nkorm\u00e1nyzat 2019. \u00e9vi k\u00f6lts\u00e9gvet\u00e9s\u00e9r\u0151l&nbsp;<\/a><\/li>\n<li><a href=\"https:\/\/www.justhvk.hu\/blog\/wp-content\/uploads\/2014\/07\/3_2018_2018_01_31.pdf\">Orosh\u00e1za V\u00e1ros \u00d6nkorm\u00e1nyzata K\u00e9pvisel\u0151-test\u00fclet\u00e9nek 3\/2018. (I.31.) \u00f6nkorm\u00e1nyzati rendelete az \u00d6nkorm\u00e1nyzat 2018. \u00e9vi k\u00f6lts\u00e9gvet\u00e9s\u00e9r\u0151l&nbsp;<\/a><\/li>\n<li><a href=\"https:\/\/www.justhvk.hu\/blog\/wp-content\/uploads\/2014\/07\/koltsegvetes_2017.pdf\">Orosh\u00e1za V\u00e1ros \u00d6nkorm\u00e1nyzata K\u00e9pvisel\u0151-test\u00fclet\u00e9nek 6\/2017 (I.30.) \u00f6nkorm\u00e1nyzati rendelete az \u00d6nkorm\u00e1nyzat 2017. \u00e9vi k\u00f6lts\u00e9gvet\u00e9s\u00e9r\u0151l<\/a><\/li>\n<li><a href=\"https:\/\/www.justhvk.hu\/blog\/wp-content\/uploads\/2014\/07\/koltsegvetes_2016.pdf\">Orosh\u00e1za V\u00e1ros \u00d6nkorm\u00e1nyzata K\u00e9pvisel\u0151-test\u00fclet\u00e9nek&nbsp;4\/2016 (II.15.) \u00f6nkorm\u00e1nyzati rendelete az \u00d6nkorm\u00e1nyzat 2016. \u00e9vi k\u00f6lts\u00e9gvet\u00e9s\u00e9r\u0151l<\/a><\/li>\n<li><a href=\"https:\/\/www.justhvk.hu\/blog\/wp-content\/uploads\/2014\/07\/koltsegvetes_2015.pdf\">Orosh\u00e1za V\u00e1ros \u00d6nkorm\u00e1nyzata K\u00e9pvisel\u0151-test\u00fclet\u00e9nek&nbsp;2\/2015. (II.13.) \u00f6nkorm\u00e1nyzati rendelete&nbsp;az \u00d6nkorm\u00e1nyzat 2015. \u00e9vi k\u00f6lts\u00e9gvet\u00e9s\u00e9r\u0151l<\/a><\/li>\n<li><a style=\"line-height: 1.5em;\" href=\"https:\/\/www.justhvk.hu\/blog\/wp-content\/uploads\/2014\/07\/2014.-\u00e9vi-k\u00f6lts\u00e9gvet\u00e9s.pdf\">Orosh\u00e1za V\u00e1ros \u00d6nkorm\u00e1nyzata K\u00e9pvisel\u0151-test\u00fclet\u00e9nek&nbsp;4\/2014. (I.31.) \u00f6nkorm\u00e1nyzati rendelete&nbsp;az \u00d6nkorm\u00e1nyzat 2014. \u00e9vi k\u00f6lts\u00e9gvet\u00e9s\u00e9r\u0151l<\/a><\/li>\n<li><a href=\"https:\/\/www.justhvk.hu\/blog\/wp-content\/uploads\/2014\/07\/koltsegvetes_2013.pdf\">Orosh\u00e1za V\u00e1ros \u00d6nkorm\u00e1nyzata K\u00e9pvisel\u0151-test\u00fclet\u00e9nek&nbsp;7\/2013. (II.5.) \u00f6nkorm\u00e1nyzati rendelete&nbsp;az \u00d6nkorm\u00e1nyzat 2013. \u00e9vi k\u00f6lts\u00e9gvet\u00e9s\u00e9r\u0151l<\/a><\/li>\n<li>\n<p style=\"display: inline !important;\"><a href=\"https:\/\/www.justhvk.hu\/blog\/wp-content\/uploads\/2014\/07\/koltsegvetes_2012.pdf\">Orosh\u00e1za V\u00e1ros \u00d6nkorm\u00e1nyzata K\u00e9pvisel\u0151-test\u00fclet\u00e9nek&nbsp;6\/2012. (II.06.) \u00f6nkorm\u00e1nyzati rendelete&nbsp;az \u00d6nkorm\u00e1nyzat 2012. \u00e9vi k\u00f6lts\u00e9gvet\u00e9s\u00e9r\u0151l<\/a><\/p>\n<\/li>\n<li><a style=\"line-height: 1.5em;\" href=\"https:\/\/www.justhvk.hu\/blog\/wp-content\/uploads\/2014\/07\/koltsegvetes_2011.pdf\"><span style=\"line-height: 1.5em;\">Orosh\u00e1za V\u00e1ros \u00d6nkorm\u00e1nyzata K\u00e9pvisel\u0151-test\u00fclet\u00e9nek&nbsp;<\/span><span style=\"line-height: 1.5em;\">5\/2011. (II.07.) \u00f6nkorm\u00e1nyzati rendelete&nbsp;<\/span><span style=\"line-height: 1.5em;\">az \u00d6nkorm\u00e1nyzat 2011. \u00e9vi k\u00f6lts\u00e9gvet\u00e9s\u00e9r\u0151l<\/span><\/a><\/li>\n<\/ul>\n<div class=\"fcbkbttn_buttons_block\" id=\"fcbkbttn_left\"><div class=\"fcbkbttn_like \"><fb:like href=\"https:\/\/blog.justhvk.hu\/blog\/koltsegvetes\/\" action=\"like\" colorscheme=\"light\" layout=\"button_count\"  size=\"small\"><\/fb:like><\/div><div class=\"fb-share-button  \" data-href=\"https:\/\/blog.justhvk.hu\/blog\/koltsegvetes\/\" data-type=\"button_count\" data-size=\"small\"><\/div><\/div>","protected":false},"excerpt":{"rendered":"<p>Orosh\u00e1za V\u00e1ros \u00d6nkorm\u00e1nyzata K\u00e9pvisel\u0151-test\u00fclet\u00e9nek 3\/2025. (II.18.) \u00f6nkorm\u00e1nyzati rendelete az \u00d6nkorm\u00e1nyzat 2025. \u00e9vi k\u00f6lts\u00e9gvet\u00e9s\u00e9r\u0151l Orosh\u00e1za V\u00e1ros \u00d6nkorm\u00e1nyzata K\u00e9pvisel\u0151-test\u00fclet\u00e9nek 2\/2024. (II.12.) \u00f6nkorm\u00e1nyzati rendelete az \u00d6nkorm\u00e1nyzat 2024. \u00e9vi k\u00f6lts\u00e9gvet\u00e9s\u00e9r\u0151l&nbsp; Orosh\u00e1za V\u00e1ros \u00d6nkorm\u00e1nyzata K\u00e9pvisel\u0151-test\u00fclet\u00e9nek 2\/2023. (II.15.) \u00f6nkorm\u00e1nyzati rendelete az \u00d6nkorm\u00e1nyzat 2023. \u00e9vi k\u00f6lts\u00e9gvet\u00e9s\u00e9r\u0151l&nbsp; Orosh\u00e1za V\u00e1ros \u00d6nkorm\u00e1nyzata K\u00e9pvisel\u0151-test\u00fclet\u00e9nek 4\/2022. (II.15.) \u00f6nkorm\u00e1nyzati rendelete az \u00d6nkorm\u00e1nyzat 2022. \u00e9vi k\u00f6lts\u00e9gvet\u00e9s\u00e9r\u0151l&nbsp; Orosh\u00e1za V\u00e1ros \u00d6nkorm\u00e1nyzat [&hellip;]<\/p>\n","protected":false},"author":5,"featured_media":0,"parent":0,"menu_order":0,"comment_status":"open","ping_status":"open","template":"","meta":{"episode_type":"","audio_file":"","cover_image":"","cover_image_id":"","duration":"","filesize":"","date_recorded":"","explicit":"","block":"","filesize_raw":"","ngg_post_thumbnail":0,"footnotes":""},"class_list":["post-9451","page","type-page","status-publish","hentry"],"_links":{"self":[{"href":"https:\/\/blog.justhvk.hu\/blog\/wp-json\/wp\/v2\/pages\/9451","targetHints":{"allow":["GET"]}}],"collection":[{"href":"https:\/\/blog.justhvk.hu\/blog\/wp-json\/wp\/v2\/pages"}],"about":[{"href":"https:\/\/blog.justhvk.hu\/blog\/wp-json\/wp\/v2\/types\/page"}],"author":[{"embeddable":true,"href":"https:\/\/blog.justhvk.hu\/blog\/wp-json\/wp\/v2\/users\/5"}],"replies":[{"embeddable":true,"href":"https:\/\/blog.justhvk.hu\/blog\/wp-json\/wp\/v2\/comments?post=9451"}],"version-history":[{"count":22,"href":"https:\/\/blog.justhvk.hu\/blog\/wp-json\/wp\/v2\/pages\/9451\/revisions"}],"predecessor-version":[{"id":42750,"href":"https:\/\/blog.justhvk.hu\/blog\/wp-json\/wp\/v2\/pages\/9451\/revisions\/42750"}],"wp:attachment":[{"href":"https:\/\/blog.justhvk.hu\/blog\/wp-json\/wp\/v2\/media?parent=9451"}],"curies":[{"name":"wp","href":"https:\/\/api.w.org\/{rel}","templated":true}]}}